*2 + 2*i + 1. Let a be m(2). Let u = 14 + a. Suppose -u*k + 966 = 3*k. What are the prime factors of k?
7, 23
Suppose 3*u + 2*i + 48 = u, u - 2*i + 12 = 0. Let o(m) = -m**2 - 28*m + 8. What are the prime factors of o(u)?
2, 3, 7
Let c(u) = -411*u - 31. List the prime factors of c(-10).
4079
Suppose 0 = 5*c + 2*o - 7*o - 210, c = -2*o + 45. Suppose j - c = 129. List the prime factors of j.
2, 43
Let t be 0/(9/(45/10))*1. Let v(l) = -4*l**3 + l**2 - 2*l + 38. What are the prime factors of v(t)?
2, 19
Suppose 0 = 9*p - 10 - 26. Suppose -4*a - 4*w + 19 + 29 = 0, 0 = -2*w + p. Suppose -a = -5*l, 6*l - l = d - 31. What are the prime factors of d?
41
Suppose 119978 = 5*o + 4*l, 2*o - 2*l - 13786 = 34198. What are the prime factors of o?
2, 3, 31, 43
Let b = -2847 - -18477. List the prime factors of b.
2, 3, 5, 521
Suppose -r - u - 13 = 18, u + 66 = -2*r. What are the prime factors of 2/5 + (-9576)/r?
2, 137
Let t(q) = -q**3 - 29*q**2 - 20*q - 21. Let f be t(-29). Suppose 0 = h - f + 12. What are the prime factors of h?
547
Suppose -5*s = -5*h + 25, 4*s + s - 15 = 0. Let q be (h/40)/(3/15). List the prime factors of 5*q/(4/60).
3, 5
Let i(o) = 119*o + 24. Let k be i(-4). Let m = -217 - k. What are the prime factors of m?
5, 47
Let i be (-10)/(5 + 2820/(-565)). Let v = 2109 + i. List the prime factors of v.
11, 89
Let y(g) = -g**3 + 4*g**2 + 5*g + 3. Let q be y(5). Suppose 0*v + q*v + 228 = 0. Let n = v + 196. List the prime factors of n.
2, 3, 5
Suppose -4*i + 16 = 0, -5*o - 4*i = -0*i - 191. Let r = o - 41. What are the prime factors of 51*(-10)/r - 3?
2, 41
Let y(j) = 2*j**2 - 138*j - 62. Let q(b) = -b**2 - 138*b - 62. Let d(x) = -3*q(x) + 2*y(x). List the prime factors of d(-27).
1439
Let r(b) = -b - 11. Let u be r(7). Let z(o) = -43*o + 84. List the prime factors of z(u).
2, 3, 11, 13
Let z = 806 + -206. Let i = -318 + z. List the prime factors of i.
2, 3, 47
Suppose -7*l - 4*l + 16*l = 120255. List the prime factors of l.
3, 8017
Let i = 310 + -300. What are the prime factors of i/(-2) + 7 + 274?
2, 3, 23
Let g(y) = 26*y**2 - y. Let j be g(-1). What are the prime factors of (-24)/(11/((-12672)/j))?
2
Suppose 5*p + 21118 + 7227 = 3*c, -p = 2*c - 18888. What are the prime factors of c?
5, 1889
Let u(o) = 11 + o + 7*o**2 + o**3 - 1 - 2. Let l be u(-7). Suppose -3*c + 7*c + l = 3*w, -5*w + 25 = 5*c. What are the prime factors of w?
3
Let m be (-50)/20 - (-2)/(-4). Let q(y) = y**3 + y**2 - y - 1. Let f(t) = t**3 - 5*t**2 + 5*t - 4. Let n(g) = -f(g) - 3*q(g). List the prime factors of n(m).
139
Suppose 2*p - 2854 = 8174. List the prime factors of p.
2, 3, 919
Suppose -4*s - l = -103804, -39300 = -s + 2*l - 13349. What are the prime factors of s?
25951
Suppose 5*i = -g + 3*g - 7978, -19983 = -5*g + 3*i. What are the prime factors of g/9 + 24/9?
3, 149
Let b = 197629 + -115188. What are the prime factors of b?
19, 4339
Let f(j) = -3*j**3 - 40*j**2 - 15*j - 36. Let k(z) = 4*z**3 + 40*z**2 + 17*z + 37. Let v(t) = -6*f(t) - 5*k(t). List the prime factors of v(20).
131
Let t = 23386 + -11973. What are the prime factors of t?
101, 113
Let v = -14223 + 27532. What are the prime factors of v?
13309
What are the prime factors of (-558)/155*8565/(-6)?
3, 571
Suppose -b = 5*i - 165116, 0 = 734*i - 732*i + 5*b - 66051. List the prime factors of i.
33023
Let n(l) be the third derivative of 7*l**3 + 43*l**2 + 0 + 0*l - 1/4*l**4 + 1/30*l**5. What are the prime factors of n(11)?
2, 109
Let y = 86124 - 49927. What are the prime factors of y?
7, 5171
Suppose -x + 4841 = a - 4932, -4*x + a + 39112 = 0. List the prime factors of x.
3, 3259
Let f be 3/(-9) + 5*4/60. List the prime factors of 2/6 - (5800/(-15) + f).
3, 43
Suppose -57*u = 29*u - 1765408. What are the prime factors of u?
2, 1283
Let y = 26 + -26. Suppose y = 25*i - 27*i + 6. Suppose 5*t - 348 = -w, t - 2*t = -i*w - 60. What are the prime factors of t?
3, 23
Suppose 0 = 37*a - 10193 - 7160. List the prime factors of a.
7, 67
Suppose 5*z = a + 18, -z = 2*a + 2*a + 9. Suppose -2*f - 2*c - z*c = -46, -2*c - 68 = -4*f. What are the prime factors of 777/f + (13/(-6) - -2)?
43
Let i = 102 + -94. Suppose -4*y + 2 = -i*b + 3*b, 5*b - 4 = 2*y. Suppose 531 = 3*g + y*h, 2*g = 4*h - 0*h + 354. What are the prime factors of g?
3, 59
Suppose -5*b - 952 = -2*d, -18 = -4*b - 5*d - 773. Let j = b + 244. What are the prime factors of j?
2, 3
What are the prime factors of 0 - (263095/(49/(-7)) - 12)?
7, 41, 131
What are the prime factors of ((-105)/2 + -11)*-300?
2, 3, 5, 127
Let q(h) = 139*h**2 - 3*h - 2. Suppose 4*i - k = -7, -5*i + 10 = -9*i - 2*k. List the prime factors of q(i).
2, 5, 7
Suppose 0 = 119*h - 505952 - 710228. List the prime factors of h.
2, 5, 7, 73
Suppose 2*c - 11407 = 5*h, -4*c + 5*h = -18339 - 4460. List the prime factors of c.
2, 89
Let l be ((-1)/(-2))/((-23)/35558). Let p = l - -1185. List the prime factors of p.
2, 103
Let r be (-3 - -12)/3 + 2. Suppose -3*f = 4*b - r, -4 = -3*b - 7. Suppose f*x = t + 136 + 51, -236 = -4*x + 4*t. What are the prime factors of x?
2
Let o be (-6)/4*16/(-12). Let m(q) = -21*q - 31 - 3*q - 2*q + o*q. List the prime factors of m(-6).
113
Let w be (9/2)/((-12)/(-16)). Suppose 406 = -w*h + 8*h. List the prime factors of h.
7, 29
Let z(s) = -3*s + 6. Let m be z(2). Suppose m*q = 4*q - p - 1607, -5*p + 2015 = 5*q. List the prime factors of q.
2, 3, 67
Suppose 3*d + 10*n - 11*n + 2373 = 0, -5*d + 3*n = 3955. Let y = -264 - d. What are the prime factors of y?
17, 31
Suppose 132 = b + 32*b. Suppose -b*f = -5554 - 1614. List the prime factors of f.
2, 7
Suppose -5*s + 10 = 0, -s + 6*s = -j - 47. Let t be 38/j + -7*(-2)/3. Suppose -13*c + t*c = -432. What are the prime factors of c?
2, 3
Suppose 0 = -4*n + 6*n - 16. Suppose n = 2*y + 2*z, 2*z = 4*y - 64 + 24. Suppose 66 - 362 = -y*s. List the prime factors of s.
37
Let c be 5 + -3 + 84*(-1)/(-2). Suppose d + 23 = t, 4*t - 30 = -5*d + c. What are the prime factors of t?
3, 7
Suppose 1969 + 671 = -10*k. Let s = 504 + k. What are the prime factors of s?
2, 3, 5
Suppose 0 = j + 5*w - 33813, -27*j - 169153 = -32*j - 3*w. List the prime factors of j.
23, 1471
Let w be (67 + -59)*74/(-2). Let g = -182 - w. What are the prime factors of g?
2, 3, 19
Suppose -5*x + 3*x = -2*z - 2728, -3*z - 1370 = -x. Let a = x + -588. What are the prime factors of a?
773
Let p = 7645 - 1794. What are the prime factors of p?
5851
Suppose -496*n + 491*n + 104458 = 4*c, -2*n - 78355 = -3*c. What are the prime factors of c?
7, 13, 41
Let l(b) = 7*b + 4*b**2 + 1 - 4*b**2 + 0*b**2 + b**2. Let k be l(-7). What are the prime factors of (-9)/(18/(-136)) - k?
67
Let v = -111 + 83. Let x = v + 61. List the prime factors of x.
3, 11
Let f be ((-44)/8 - -4)*12/(-9). Let d be 33*-1*f/1*-5. Suppose 12*o = 17*o - d. What are the prime factors of o?
2, 3, 11
Let m = 322 + -339. Let d(f) = 2*f**3 + 34*f**2 - 3*f - 16. List the prime factors of d(m).
5, 7
Suppose -26*l = 17803 - 532499. List the prime factors of l.
2, 7, 101
Let v = -16 + 27. Suppose v*b + 177 = 12*b. Let k = 257 - b. What are the prime factors of k?
2, 5
Suppose 21 = -11*c + 12*c. What are the prime factors of c/((-496)/72 - -7)?
3, 7
Let y(s) = 129*s**2 - 265*s - 3654. List the prime factors of y(-14).
2, 5, 7, 181
Let a(s) = -621*s - 286. What are the prime factors of a(-10)?
2, 1481
Suppose 3*o = -4*n - 4, 40 = 5*o + 3*n - 8*n. Suppose -k + 2*k = o*k. Suppose 4*q - 701 = -5*t, 0 = 5*q - 4*t - k*t - 825. What are the prime factors of q?
13
Let l(d) = -48*d + 73. Let v(j) = 49*j - 73. Let b(h) = 4*l(h) + 5*v(h). List the prime factors of b(5).
2, 3
Let h(x) = 391*x**2 - 198*x - 2112. List the prime factors of h(-12).
2, 3, 2357
Let z(n) be the first derivative of 4*n**3/3 - 11*n**2/2 + 7*n - 12. Let s be z(-7). Suppose -s = -3*w - 103. What are the prime factors of w?
59
Suppose 4*c + a = 36061, -15216 - 2807 = -2*c - 3*a. What are the prime factors of c?
2, 7, 23
Let r = 3190 - -6412. What are the prime factors of r?
2, 4801
Suppose 270 = -0*q + 18*q. Suppose 3*p + 4764 = q*p. List the prime factors of p.
397
Let b = 188 - 140. What are the prime factors of (6/4)/(0 - b/(-4288))?
2, 67
Let a = -21947 + 32035. List the prime factors of a.
2, 13, 97
Let t = 37 - 34. Suppose -s + t*g = 2*g + 85, 5*g = -s - 